11. What is q(a)?
-11
Let s be 6 - (-4)/8*(5 - -7). Let u(f) = 9*f - 106. Calculate u(s).
2
Suppose 88 = 4*d - 84. Suppose 3*w - 3*u - 31 = 11, -d = -2*w - u. Let x = w - 20. Let b(g) = -4*g**3 - 2*g**2 - g. What is b(x)?
3
Let v(s) = 7. Let m(x) = 3*x - 105. Let y(o) = m(o) + 7*v(o). Determine y(9).
-29
Suppose 128*u = 124*u + 168. Let t = -45 + u. Let c(b) = -2*b**2 - 5*b - 3. Give c(t).
-6
Suppose 139 = -53*f + 33. Let w(m) = -6*m - 14. Determine w(f).
-2
Let l(n) = -n - 5*n**2 + n**2 + 15*n**2. Suppose -6*t = -17 - 97. Let d = -18 + t. Give l(d).
10
Let s(a) = 76*a**2 + 832*a - 75*a**2 - 812*a - 149. Calculate s(-26).
7
Let l = -3458 + 3478. Let f(h) = h**2 - 10*h - 209. Calculate f(l).
-9
Let y(x) = -x**2 + 5*x + 8. Let r be y(6). Suppose 6*k = 22*k - 160. Let i(q) = 2 - 16*q + k*q + 7*q. What is i(r)?
4
Let f(t) be the second derivative of 7*t**3/6 - 40*t**2 + 640*t. Calculate f(10).
-10
Let d = 8 + -5. Let g(z) be the second derivative of z**4/6 - z**3/3 - z**2/2 - 108*z - 8. What is g(d)?
11
Let p(m) be the first derivative of m**3/3 - 29*m**2/2 + 91*m + 3522. Calculate p(25).
-9
Let h(u) = -6. Let f(i) = -1. Let w(o) = -5*f(o) + h(o). Let l(c) = c - 3. Let a(n) = l(n) + 3*w(n). Calculate a(4).
-2
Let l(o) = -o**3 - 4*o**2 + 4*o + 7. Suppose 5*z = 2*b - b + 1303, 5*b = -3*z + 793. Let x = z - 266. What is l(x)?
12
Let q(d) = -16*d - 141. Suppose -513*i + 446*i - 301 - 302 = 0. Calculate q(i).
3
Let d(n) = 6*n - 149. Let s be d(25). Let t(m) = -17*m**2 + 5*m. Let a(j) = -86*j**2 + 26*j + 1. Let r(w) = -2*a(w) + 11*t(w). What is r(s)?
-14
Let a(k) = -123*k + 859. Let d be a(7). Let j(c) = -20*c - 42. What is j(d)?
-2
Let w(b) be the second derivative of b**4/12 - b**2 - 2*b + 1735. Let r be (12/9)/(2/(-3)). What is w(r)?
2
Let z(s) = -s**3 + 8*s**2 - 8*s + 1. Let g be (-6)/(-21) - (-17900)/70. Let w be (g/20)/((-2)/(-5)). Suppose -i - 25 = -w. Give z(i).
-6
Let k(s) = s**3 - 55*s**2 + 207*s - 154. Let q be k(51). Let t(c) = -5*c**3 + c**2 + c + 1. Give t(q).
6
Let i(k) = 15*k**3 - 2*k**2 - 32*k - 29. Let p be i(-1). Let z(x) = x**2 + 13*x - 14. Give z(p).
0
Let q be (3/(-33))/(10/(-55))*-42. Let a(k) = -k**2 - 18*k + 50. What is a(q)?
-13
Suppose 0 = -3*i - 21 - 21. Let w = 17 + i. Let f(x) = -x**3 + x**2 + 6*x. Let j be f(w). Let m(d) = -d**3 + 5. Give m(j).
5
Let x(q) = -8*q + 1. Let l(r) = 6 + 17 - 27 + 31*r. Let m(h) = 10*h + 1. Let u be m(-1). Let k(y) = u*x(y) - 2*l(y). What is k(1)?
9
Suppose 10*k - 74 = -14. Suppose 43*g = -2*h + 45*g - k, -2*h - 8 = -3*g. Let u(o) = -2*o + 2. Calculate u(h).
4
Let y(w) = -43*w + 213. Let m be y(5). Let s(f) = 7*f**3 - 11*f**2 + 12*f - 9. Let o(k) = -3*k**3 - k**2. Let d(l) = m*o(l) - s(l). Give d(12).
9
Let t(k) = -2*k + 1. Suppose -6*u + 2*u + 4 = 4*x, 7 = -2*x - 5*u. Let s be (-5)/((-30)/(-6))*x. Calculate t(s).
9
Let r(x) be the third derivative of -19*x**4/24 + 71*x**3/3 - 93*x**2 + 20*x. Give r(8).
-10
Let k(s) = -s - 2. Let p(o) = 3*o**2 + 5*o - 6. Let f be p(3). Suppose -m + 10*m + f = 0. Let y be -3*(-2)/m*-4. Calculate k(y).
-8
Suppose 3*s + 18 = -5*v + 6*v, 0 = -2*s - 3*v - 12. Suppose 5*g - 4 = -3*b - 14, -2*g - 4 = 3*b. Let f(r) = 11*r + 2*r**2 - 5*r - 3 + b + r. Give f(s).
27
Let s(b) = 20*b - 1338. Let o be s(67). Let f(c) be the second derivative of -3*c**5/20 + c**4/6 + c**3/6 - c**2/2 + 2*c. Determine f(o).
-15
Let w(b) = b**3 - 7*b**2 + 8*b - 4. Let j be 145 + ((-6)/3)/(-2). Let o = j + -140. Calculate w(o).
8
Let o(r) = 8*r. Let t be (2/(-4))/((-12)/1296). Let z = t - 51. Suppose 0 = 5*u - 2*c + 3, z*u - 2*u = -c - 2. Calculate o(u).
-8
Let a(f) = -2*f - 308*f**2 - 3 + 2 + 306*f**2 - 22*f**3. Suppose 0 = -d + 5*d + 2*r, 5*d + r = -3. Determine a(d).
21
Let b(c) be the third derivative of 1/12*c**4 + 1/120*c**6 + 0*c + 0 + 1/10*c**5 + 59*c**2 - 11/6*c**3. Determine b(-5).
4
Let a(h) = -h**2 - 6*h - 4. Let w be (0/1)/(4 + -6). Let i be -1 - (-4 - (w - 3)). Suppose -v = -2*d - 2, 2*d + 10 = -v - i*d. What is a(v)?
4
Let j(q) = 7608*q - 3811*q + 1 - 3801*q. Determine j(5).
-19
Let t(n) = -n**3 + 4*n**2 + 17*n - 38. Suppose -40*l + 4505 = 4385. Determine t(l).
22
Suppose 108 = -108*w + 126*w. Let p(y) = 3*y**2 - 6*y + 5. Calculate p(w).
77
Suppose 20*h - 27*h = 23*h + 69*h. Let x(n) be the third derivative of 1/3*n**3 - 31*n**2 - 1/15*n**5 + 1/24*n**4 + 0*n + h + 1/60*n**6. Give x(2).
4
Let c(p) be the third derivative of p**4/8 + p**3/2 - p**2. Let v be (9 - (-455)/(-39)) + 6/9. Give c(v).
-3
Let i(o) = o**3 - 5*o**2 - o + 5. Suppose h + 5 = 2*h. Let w be i(h). Let u(v) = 234*v**2 - 233*v**2 + 4657 + v - 4667. What is u(w)?
-10
Let j(h) be the second derivative of -h**3/6 - h**2 + 34*h. Let b(z) = 3*z + 5. Let l(v) = -b(v) - 4*j(v). Determine l(4).
7
Let w(k) = k**3 + 6*k**2 + 5*k + 6. Let b be w(-5). Let r(y) = -y**2 - 16 + b*y - 16 + 29. Give r(6).
-3
Let p(j) = 21*j**2 - 28*j - 181. Let r(u) = 58*u**2 - 84*u - 538. Let h(v) = -11*p(v) + 4*r(v). Calculate h(33).
4
Let x be ((-14)/35)/((-8)/(-40)). Let w(l) = -4 + 1 + 1 - 4*l. What is w(x)?
6
Let o(v) = -17*v**2 - 17*v - 187. Let m(k) = -21*k**2 - 14*k - 186. Let x(s) = 4*m(s) - 5*o(s). Give x(-18).
-7
Let l = 26 - 27. Let h(f) = 4*f**2 - 1. Let z be h(l). Let o(r) = 5*r**3 - r - 2*r**3 - 3*r**3 + 2*r**2 + 4*r**z. Give o(1).
5
Let n = -3832 + 3818. Let c(i) = -2*i + 33. Calculate c(n).
61
Let h(y) = y + 11. Let i(v) = -2. Let s(a) = -5*a + 47. Let o be s(10). Let x(w) = o*i(w) - h(w). Suppose -4*z + 29 = 5*k, -2 + 16 = 3*z - 4*k. Determine x(z).
-11
Let h be (-2)/4 + 154/44. Suppose -2*o = o - h. Let i(v) = -o - 3*v**2 - v**3 - 6 + 11*v**2 - 7*v. Give i(7).
-7
Let o(u) = 3*u**3 + 13*u**2 + 13*u + 5. Let s(a) be the second derivative of a**5/20 + a**4/12 + a**3/3 - 6*a. Let p(n) = o(n) - 2*s(n). Give p(-10).
15
Let r(s) = -2*s + 5. Suppose -20 = -4*x - 4*f, 5*f + 4 = 5*x - 1. Let z(j) = 0*j - 2 - 4 + j + 1 - j**x + 9*j**2. Let p be z(9). Determine r(p).
-3
Let u(r) = r**2 + 27*r + 152. Suppose 423*j + 828 = -1283 - 1696. Calculate u(j).
-10
Let o(z) be the third derivative of -z**4/12 + 5*z**3/6 + 2*z**2. Let r(d) = d**3 - 4*d**2 + 5*d - 1. Let s = -88 - -91. Let i be r(s). Give o(i).
-5
Let c(y) = 27*y + 20. Let m be 5/(-6) - (-31)/(-186). Let g be c(m). Let r(t) = -t**2 - 7*t + 2. Calculate r(g).
2
Let i(c) be the first derivative of 29*c - 1/3*c**3 + 215 - 1/2*c**2 + 1/4*c**4. What is i(0)?
29
Let s(h) = h + 9. Let y(i) = -i**3 + 20*i**2 - 18*i - 16. Let c be y(19). Let w = c - 3. Suppose 0 = r - 4*z + 24, -4*r + 0*z + 4*z - 48 = w. What is s(r)?
1
Let t(u) = 293*u - 124*u + 28 - 153*u. Determine t(-6).
-68
Let r(w) = w**3 + 12*w**2 - 26*w + 33. Let a be r(-14). Let n(z) = 3*z**2 + 11*z - 1. Let x(q) = -4*q**2 - 12*q. Let f(m) = -5*n(m) - 4*x(m). Give f(a).
-5
Let l = -426 + 438. Let z(u) = -14*u + 30*u - l*u - 3*u + 6 - 3*u. Let a be (-54)/(-15) - 2/(-5). Calculate z(a).
-2
Suppose -5*s = l - 19, -4*l + s = -4*s - 1. Suppose k - 1 = l. Let h(a) be the second derivative of -a**4/12 + 2*a**3/3 - a**2 + 7*a - 7. What is h(k)?
-7
Let h(l) = -5*l - 1. Suppose -3*q - 10 = -16. Suppose 6 = -0*z + q*z + 5*i, -5*i = -z - 12. What is h(z)?
9
Let r(s) = 351*s**3 - 15*s**2 + 25*s + 26 - 61*s - 350*s**3. Give r(17).
-8
Let v be 220/(-80)*4 + 15. Let k(m) be the third derivative of -m**6/720 + m**5/120 - m**4/24 + 3*m**2. Let p(u) be the second derivative of k(u). Give p(v).
-3
Suppose m = 3*m + 2*y - 362, 2*m = y + 362. Let v = 182 - m. Let a(x) = 30*x**2 + 1. Give a(v).
31
Let j be ((-375)/(-30))/25*-2. Let w(g) = -36*g**3 + 1 + 4*g**3 + 2*g + 14*g**3. Give w(j).
17
Let a(s) = 2*s + 13. Suppose 2*b = -4*t - 277 + 1071, t + 5*b - 203 = 0. Let f = t + -293. Let z = f - -86. Calculate a(z).
-5
Let i(c) be the second derivative of c**5/20 + c**4/4 - 3*c**3/2 - 2*c**2 - 42*c - 1. Calculate i(-4).
16
Let i(p) = 5*p - 200. Suppose 79*s - 44*s = 42*s - 259. Determine i(s).
-15
Let n(j) = 3*j**3 - 16*j**2 + 21*j - 30. Let l(p) = 10*p**3 - 47*p**2 + 64*p - 89. Let k(m) = 2*l(m) - 7*n(m). Let o = 15120 - 15103. What is k(o)?
-2
Let z(m) = -3*m**3 + 2*m**2 + m - 2. Let n(c) = c**3 - c**2 - 5*c + 2. Let j be n(0). Determine z(j).
-16
Let i(a) = -a**2 - 10*a - 10. Let n be 4/6*(-7)/(42/18). Let u be ((-96)/60)/(n - (-33)/15). Determine i(u).
6
Let